c**2 - 2*c - 1. Is q(r) a prime number?
False
Is ((-3)/(-12))/((-2)/(-8696)) prime?
True
Suppose 2*c + 10 = u + 4*u, -15 = -2*u + 3*c. Let s(g) = g**2 + 23. Is s(u) prime?
True
Let p(y) = -y**2 + 5*y. Let s be p(5). Suppose -j - j + 20 = s. Is j a composite number?
True
Let n = -303 + -17. Let z = 691 + n. Is z a prime number?
False
Suppose -y + 6 = -5*o, 0 = -3*y + 3*o + 17 + 25. Suppose 0 = 5*v - 4*x - y - 28, 4*v - 28 = 5*x. Is (69/v)/((-2)/(-16)) prime?
False
Suppose 0 = 39*g - 37*g - 268. Is g composite?
True
Let t be (-2)/(-3) - 6/9. Suppose 0*i - i + 4 = t. Is i/18 + 3855/27 a composite number?
True
Suppose 0 = -u + 2*c + 29, 15 + 18 = u - c. Is u prime?
True
Suppose 0 = -5*u - 3*b + 1474, 0*u + 5*b = 3*u - 864. Is u prime?
True
Let f be -3 + (-2)/(-6)*0. Let t(n) = -2*n - 2. Let m be t(f). Let o(l) = 7*l**2 + 2*l - 1. Is o(m) a composite number?
True
Let i = -5 - -10. Suppose c + 948 = i*c. Is c composite?
True
Let k(f) = -f**3 - 6*f**2 - 2*f + 2. Suppose 3*z - 25 = -v + 2*v, 3*z + 5*v - 55 = 0. Suppose -2*w = -z + 22. Is k(w) prime?
False
Is -12*(-2 - (-2495)/(-4)) prime?
False
Let v = 2480 + -1633. Suppose 0 = 4*f + j - v, -f + 2*j + 0*j + 205 = 0. Is f prime?
True
Suppose 3*m = 19 + 86. Is m - (-4)/2*1 a prime number?
True
Let x(f) = -2*f**2 - 3*f - 2. Let n(j) = -j**2 + 1. Let l(i) = -5*n(i) + x(i). Let a(c) = -c**3 - 7*c**2 - 6*c - 6. Let w be a(-6). Is l(w) prime?
False
Let g be (-1)/(-4)*-53*-20. Let y = g + -176. Is y a composite number?
False
Let a(q) = -2*q**2 - q**2 + 31*q**3 + 47*q**3 + 4*q**2. Is a(1) composite?
False
Let f = -291 - -716. Suppose 0*c - 5*c = -f. Is c a prime number?
False
Let w = -4 + 5. Suppose i = -w - 15. Is 2/9 + i/(-9) a prime number?
True
Let y = 1 - -3. Suppose 9*u = 4*u + y*j + 85, 4*j - 125 = -5*u. Is (-2*1)/(-2) + u a composite number?
True
Let o = 4 - 6. Let w be (1 - 0)*-2*o. Suppose -x = -w*m + 3*x + 308, x = 0. Is m a composite number?
True
Let r(o) = -2*o - 11. Let q be r(-4). Is (-2)/q*(-819)/(-6) prime?
False
Suppose i = -4 + 7. Suppose u = -i*x + 557, 3*x + 2*u = -3*u + 565. Is x prime?
False
Suppose 0 = -5*c + 3*v - 20 - 35, 4*c - 4*v + 44 = 0. Is (-15 - c)*(-183)/4 a prime number?
False
Let a be (-6)/9 + 5696/(-6). Is (-5)/(-20) - a/8 prime?
False
Let t = -2 - -7. Suppose -y - 4*q = -103, t*q + 3 = -y + 102. Is y a prime number?
False
Let i = 1 + -1. Let q be (-3)/(-6)*262 - i. Suppose 3*r - 4*r + q = 0. Is r prime?
True
Let v(k) = -k**2 - 6*k + 9. Let c be v(-7). Suppose 5*p = -c*r + 165, r + 39 - 6 = p. Suppose -q - 2*z = -39, q - 2*z = -z + p. Is q a composite number?
True
Is (8 + -8 - 2/(-2))*673 composite?
False
Suppose -4*l - 372 = -4*f, f - 2*l = -0*f + 90. Suppose -f = -3*h + 63. Is h composite?
False
Let f(a) = 5559*a**3 + a**2 - 3*a. Is f(1) a prime number?
True
Let z = -44 + 97. Is z composite?
False
Let a(p) = p**2 + 2*p + 3. Let x be a(-3). Suppose 2*t - 10 = -x. Suppose 238 = w - 0*w - 3*v, t*w - 469 = -v. Is w composite?
True
Suppose 0 = -5*y + 10 + 10. Suppose y*z - 28 = -3*h + h, -5*h + 20 = 0. Suppose z*s = 3*s + 30. Is s prime?
False
Suppose 0 = 6*t - 2*t - 20. Suppose n = -2*z + 105, -t*n + z + 114 = -4*n. Is n a composite number?
True
Let n(m) = 57*m. Suppose -4*c + 4 = -0. Is n(c) composite?
True
Let z = 137 + -48. Is z a composite number?
False
Suppose -c + 3*y = -10, -4*c + 3*c - 4*y = 4. Suppose c*h = 79 + 237. Is h prime?
True
Let g(u) = -u**3 - 8*u**2 + 10*u + 9. Let z be g(-9). Let o be (-6)/(-8)*(z + 4). Is -93*(-1)/(o/3) a prime number?
False
Suppose -a + 3*r = a - 610, 4*r - 1260 = -4*a. Let x = -97 + a. Is x composite?
True
Suppose -2*h + 376 = -316. Is h a composite number?
True
Suppose 64 = -7*p - 41. Let o be 36/(-1) + 2/1. Let l = p - o. Is l a composite number?
False
Let f(n) be the second derivative of 11*n**4/12 - n**3/2 - 7*n**2/2 - 3*n. Let x be f(7). Let u = -224 + x. Is u a composite number?
True
Let y(n) = 82*n - 2. Let w be y(2). Suppose 14 = -4*a + w. Is a composite?
False
Let c be 2 - ((-211)/1 - 2). Let r = c + -72. Let k = -64 + r. Is k a prime number?
True
Suppose -24 = -r - 0*r. Suppose -4*i = -412 - r. Is i composite?
False
Suppose -3*g - 136 = 4*u, -3*u = 3*g - 2*u + 124. Let r = 83 + g. Is r a prime number?
True
Let c(k) = -7*k - 1. Let a be c(-4). Let s = -34 - -51. Let z = a - s. Is z a prime number?
False
Suppose 3*r - 35 + 9 = 4*t, -2*r - t - 1 = 0. Suppose 117 = r*l + l. Is l a composite number?
True
Suppose -6*q + 520 = -1274. Is q prime?
False
Is 1/(3/(4 - -26)) composite?
True
Suppose g - 167 = -4*b - 0*b, -b - 167 = -g. Let a = -78 + g. Is a a prime number?
True
Let y be (4 - 5)/((-3)/(-27)). Is y/(-12) + (-932)/(-16) composite?
False
Suppose -5*v - 276 = -31. Let i = v - -70. Is i prime?
False
Let l = -6 - -8. Suppose -s = -f - 25, l*s - 3 = 5*f + 50. Is 340/s - (-1)/(-6) a composite number?
True
Let t = 3 + -1. Let j be (t - (0 - -2))/1. Let g(n) = n + 37. Is g(j) a composite number?
False
Suppose -3*y = -4*y + 9. Is 1141/y - (-4)/18 a composite number?
False
Let d = 37 + 254. Is d composite?
True
Let f(o) = 3*o**2 + 2*o - 6. Is f(7) a composite number?
True
Suppose 5 + 9 = h. Is 14*(-4)/((-16)/h) composite?
True
Let y = 3433 - 1956. Is y a prime number?
False
Let a(k) = -k**2 + 5*k + 3. Let y be a(5). Is (7/y)/((-4)/(-24)) composite?
True
Let r(m) = -2*m + 9. Let w be r(7). Let j(l) = -18*l - 4. Is j(w) prime?
False
Let j = -24 + 17. Let n(u) = -4*u - 7. Let w be n(j). Is 1*(w + 0 + -2) prime?
True
Let y(s) = 2*s**2 - 2*s + 5. Let q(c) = 8*c**2 - 2*c + 1. Let h be q(1). Is y(h) a composite number?
False
Suppose 3*a - 12 = -21. Let u(y) = 3*y**2 - 2. Let v be u(-2). Let n = v + a. Is n prime?
True
Suppose 0 = -y + 3*y - 48. Suppose r + 3*a - 5 + 4 = 0, 2*a - y = -4*r. Is r a composite number?
False
Let b(n) be the first derivative of n**4/4 - 7*n**3/3 + 2*n**2 + 7*n + 1. Is b(7) a composite number?
True
Suppose 2*h = -0*s + 3*s - 33, s - 3*h = 18. Suppose -4*d = -s*d + 1075. Is d composite?
True
Suppose -k - w + 30 = -10, k = -3*w + 42. Let x = -55 + k. Is (-93)/(-4) + 4/x composite?
False
Let a(w) = -w - 4. Let x be a(-7). Let r be 112/x + 6/9. Suppose 0 = 4*c + q + q - 88, 0 = -2*c + 2*q + r. Is c a prime number?
False
Let x(b) = -b - 15. Let q(c) = -c - 14. Let h(p) = 5*q(p) - 4*x(p). Let s be h(-6). Is (-365)/s - 2/8 prime?
False
Suppose -d - 2*d + 206 = 4*s, -273 = -5*s + 4*d. Is s prime?
True
Let z(y) = -y**2 + 9*y + 8. Let j(q) = q + 1. Let s(w) = -j(w) + z(w). Suppose 21 = 2*k - 5*o, 2*k + 2 = -4*o + 14. Is s(k) a prime number?
True
Let o(a) be the third derivative of 11*a**5/60 - 2*a**2. Let p be o(-1). Is p + -1 + (2 - 1) a composite number?
False
Let a be ((-32)/((-16)/4))/2. Is (290/a)/((-3)/(-6)) a composite number?
True
Let k = -14 - -7. Is (-1838)/(-14) + 2/k a composite number?
False
Let m = 5 + -2. Suppose -72 + 705 = 5*a + 2*u, -m*a = -3*u - 384. Is a a composite number?
False
Let d(v) = -v**2 + 8*v + 3. Let k be 1000/45 + 2/(-9). Suppose 3*i + 1 = k. Is d(i) a composite number?
True
Let y(v) = -v**2 + 7*v - 1. Let z be 5 + (0/1 - -1). Let n be y(z). Suppose -129 = -n*h + 41. Is h composite?
True
Let u = 5 - 4. Let q(l) = 32*l**2 - 1. Is q(u) prime?
True
Let n(w) = -w**2 + 12*w + 3. Is n(8) prime?
False
Suppose 0 = -2*y - 3*c + 2180, 3*c - 5441 = -0*y - 5*y. Is y a prime number?
True
Let m(b) = 6*b**2 + 6*b + 4. Let g be m(-4). Suppose -6*w = -2*w - g. Is w a composite number?
False
Suppose 3*p - 357 = 36. Is p composite?
False
Let n = -8 + 6. Let h be (1/n)/((-2)/(-4)). Is (-26)/(3/(h*3)) a prime number?
False
Is 2/(-14) + (-2094)/(-7) prime?
False
Let h(m) = m - 1. Let u be h(2). Let f be u*3 + 6/(-6). Suppose -q = -5*y - 32, f*q - 2*y - 70 = -q. Is q a composite number?
True
Suppose 3*m - 1031 = -4*l, -3*l - 1055 = -7*l + 5*m. Suppose 0 = -o - 3*o - 4*n + l, o + 5*n = 65. Is o a prime number?
False
Is ((-6)/(-4))/((-4)/(-4792)) prime?
False
Suppose 3 = 5*i - 7. Suppose -i*f = -5*f + 102. Is f a prime number?
False
Let a(c) be the first derivative of 5*c**3/3 - c**2/2 - 5*c - 3. Is a(5) prime?
False
Let y be 2 - 6 - 6/(-2). Let s(z) be the first derivative of -3*z**2/2 - 1. Is s(y) a composite number?
False
Suppose -p - 3*o + 10 = -8*o, -3*o = -2*p + 6. Suppose 6 = -2*v, -s - 5*v - 65 = -6*s. Suppo